{"version":"1.0","provider_name":"Jornal Ultimos Acontecimentos","provider_url":"https:\/\/juacontecimentos.com.br\/site","author_name":"Reginaldo Ribeiro","author_url":"https:\/\/juacontecimentos.com.br\/site\/author\/reginaldo-ribeiro\/","title":"Sefac comemora 10 anos de opera\u00e7\u00e3o comercial - Jornal Ultimos Acontecimentos","type":"rich","width":600,"height":338,"html":"<blockquote class=\"wp-embedded-content\" data-secret=\"pW1YZL0WcZ\"><a href=\"https:\/\/juacontecimentos.com.br\/site\/sefac-comemora-10-anos-de-operacao-comercial\/\">Sefac comemora 10 anos de opera\u00e7\u00e3o comercial<\/a><\/blockquote><iframe sandbox=\"allow-scripts\" security=\"restricted\" src=\"https:\/\/juacontecimentos.com.br\/site\/sefac-comemora-10-anos-de-operacao-comercial\/embed\/#?secret=pW1YZL0WcZ\" width=\"600\" height=\"338\" title=\"&#8220;Sefac comemora 10 anos de opera\u00e7\u00e3o comercial&#8221; &#8212; Jornal Ultimos Acontecimentos\" data-secret=\"pW1YZL0WcZ\" frameborder=\"0\" marginwidth=\"0\" marginheight=\"0\" scrolling=\"no\" class=\"wp-embedded-content\"><\/iframe><script type=\"text\/javascript\">\n\/* <![CDATA[ *\/\n\/*! This file is auto-generated *\/\n!function(d,l){\"use strict\";l.querySelector&&d.addEventListener&&\"undefined\"!=typeof URL&&(d.wp=d.wp||{},d.wp.receiveEmbedMessage||(d.wp.receiveEmbedMessage=function(e){var t=e.data;if((t||t.secret||t.message||t.value)&&!\/[^a-zA-Z0-9]\/.test(t.secret)){for(var s,r,n,a=l.querySelectorAll('iframe[data-secret=\"'+t.secret+'\"]'),o=l.querySelectorAll('blockquote[data-secret=\"'+t.secret+'\"]'),c=new RegExp(\"^https?:$\",\"i\"),i=0;i<o.length;i++)o[i].style.display=\"none\";for(i=0;i<a.length;i++)s=a[i],e.source===s.contentWindow&&(s.removeAttribute(\"style\"),\"height\"===t.message?(1e3<(r=parseInt(t.value,10))?r=1e3:~~r<200&&(r=200),s.height=r):\"link\"===t.message&&(r=new URL(s.getAttribute(\"src\")),n=new URL(t.value),c.test(n.protocol))&&n.host===r.host&&l.activeElement===s&&(d.top.location.href=t.value))}},d.addEventListener(\"message\",d.wp.receiveEmbedMessage,!1),l.addEventListener(\"DOMContentLoaded\",function(){for(var e,t,s=l.querySelectorAll(\"iframe.wp-embedded-content\"),r=0;r<s.length;r++)(t=(e=s[r]).getAttribute(\"data-secret\"))||(t=Math.random().toString(36).substring(2,12),e.src+=\"#?secret=\"+t,e.setAttribute(\"data-secret\",t)),e.contentWindow.postMessage({message:\"ready\",secret:t},\"*\")},!1)))}(window,document);\n\/* ]]> *\/\n<\/script>\n","thumbnail_url":"https:\/\/juacontecimentos.com.br\/site\/wp-content\/uploads\/2020\/07\/FB_IMG_1595393709044.jpg","thumbnail_width":800,"thumbnail_height":535,"description":"H\u00e1 10 anos, a UHE Serra do Fac\u00e3o entregava, oficialmente, seus primeiros megawatts [MW] ao Sistema El\u00e9trico Interligado \u2013 SIN \u2013, consolidando-se como um dos principais empreendimentos de gera\u00e7\u00e3o de energia hidrel\u00e9trica na regi\u00e3o do cerrado brasileiro. Nos dias 12 de julho e 7 de agosto do ano de 2010, era liberada, no Di\u00e1rio Oficial"}

Sefac comemora 10 anos de operação comercial - Jornal Ultimos Acontecimentos

<blockquote class="wp-embedded-content" data-secret="pW1YZL0WcZ"><a href="https://juacontecimentos.com.br/site/sefac-comemora-10-anos-de-operacao-comercial/">Sefac comemora 10 anos de operação comercial</a></blockquote><iframe sandbox="allow-scripts" security="restricted" src="https://juacontecimentos.com.br/site/sefac-comemora-10-anos-de-operacao-comercial/embed/#?secret=pW1YZL0WcZ" width="600" height="338" title="&#8220;Sefac comemora 10 anos de operação comercial&#8221; &#8212; Jornal Ultimos Acontecimentos" data-secret="pW1YZL0WcZ" frameborder="0" marginwidth="0" marginheight="0" scrolling="no" class="wp-embedded-content"></iframe><script type="text/javascript">
/* <![CDATA[ */
/*! This file is auto-generated */
!function(d,l){"use strict";l.querySelector&&d.addEventListener&&"undefined"!=typeof URL&&(d.wp=d.wp||{},d.wp.receiveEmbedMessage||(d.wp.receiveEmbedMessage=function(e){var t=e.data;if((t||t.secret||t.message||t.value)&&!/[^a-zA-Z0-9]/.test(t.secret)){for(var s,r,n,a=l.querySelectorAll('iframe[data-secret="'+t.secret+'"]'),o=l.querySelectorAll('blockquote[data-secret="'+t.secret+'"]'),c=new RegExp("^https?:$","i"),i=0;i<o.length;i++)o[i].style.display="none";for(i=0;i<a.length;i++)s=a[i],e.source===s.contentWindow&&(s.removeAttribute("style"),"height"===t.message?(1e3<(r=parseInt(t.value,10))?r=1e3:~~r<200&&(r=200),s.height=r):"link"===t.message&&(r=new URL(s.getAttribute("src")),n=new URL(t.value),c.test(n.protocol))&&n.host===r.host&&l.activeElement===s&&(d.top.location.href=t.value))}},d.addEventListener("message",d.wp.receiveEmbedMessage,!1),l.addEventListener("DOMContentLoaded",function(){for(var e,t,s=l.querySelectorAll("iframe.wp-embedded-content"),r=0;r<s.length;r++)(t=(e=s[r]).getAttribute("data-secret"))||(t=Math.random().toString(36).substring(2,12),e.src+="#?secret="+t,e.setAttribute("data-secret",t)),e.contentWindow.postMessage({message:"ready",secret:t},"*")},!1)))}(window,document);
/* ]]> */
</script>

Há 10 anos, a UHE Serra do Facão entregava, oficialmente, seus primeiros megawatts [MW] ao Sistema Elétrico Interligado – SIN –, consolidando-se como um dos principais empreendimentos de geração de energia hidrelétrica na região do cerrado brasileiro. Nos dias 12 de julho e 7 de agosto do ano de 2010, era liberada, no Diário Oficial
